{"id":23,"date":"2024-04-01T19:54:47","date_gmt":"2024-04-01T17:54:47","guid":{"rendered":"https:\/\/bigbob.fr\/?page_id=23"},"modified":"2024-05-31T15:11:05","modified_gmt":"2024-05-31T13:11:05","slug":"durabilite","status":"publish","type":"page","link":"https:\/\/bigbob.fr\/index.php\/durabilite\/","title":{"rendered":"Durabilit\u00e9"},"content":{"rendered":"\n<div class=\"wp-block-cover alignfull\" style=\"padding-top:200px;padding-bottom:100px;min-height:50px;aspect-ratio:unset;\"><span aria-hidden=\"true\" class=\"wp-block-cover__background has-background-dim-30 has-background-dim\" style=\"background-color:#070707\"><\/span><img loading=\"lazy\" decoding=\"async\" width=\"1920\" height=\"2560\" class=\"wp-block-cover__image-background wp-image-183\" alt=\"\" src=\"https:\/\/bigbob.fr\/wp-content\/uploads\/2024\/05\/aaron-burden-6csuZQ9oZcI-unsplash-1.jpg\" style=\"object-position:49% 52%\" data-object-fit=\"cover\" data-object-position=\"49% 52%\" srcset=\"https:\/\/bigbob.fr\/wp-content\/uploads\/2024\/05\/aaron-burden-6csuZQ9oZcI-unsplash-1.jpg 1920w, https:\/\/bigbob.fr\/wp-content\/uploads\/2024\/05\/aaron-burden-6csuZQ9oZcI-unsplash-1-225x300.jpg 225w, https:\/\/bigbob.fr\/wp-content\/uploads\/2024\/05\/aaron-burden-6csuZQ9oZcI-unsplash-1-768x1024.jpg 768w, https:\/\/bigbob.fr\/wp-content\/uploads\/2024\/05\/aaron-burden-6csuZQ9oZcI-unsplash-1-1152x1536.jpg 1152w, https:\/\/bigbob.fr\/wp-content\/uploads\/2024\/05\/aaron-burden-6csuZQ9oZcI-unsplash-1-1536x2048.jpg 1536w\" sizes=\"(max-width: 1920px) 100vw, 1920px\" \/><div class=\"wp-block-cover__inner-container has-global-padding is-layout-constrained wp-container-core-cover-is-layout-1 wp-block-cover-is-layout-constrained\">\n<h1 class=\"wp-block-heading has-text-align-center has-text-color has-bayon-font-family\" style=\"color:#ffffff;font-size:clamp(33.419px, 2.089rem + ((1vw - 3.2px) * 3.021), 60px);text-transform:uppercase\">DURABILIT\u00e9<\/h1>\n<\/div><\/div>\n\n\n\n<div class=\"wp-block-group alignfull has-global-padding is-layout-constrained wp-container-core-group-is-layout-1 wp-block-group-is-layout-constrained\" style=\"margin-top:0;margin-bottom:0;padding-top:80px;padding-right:20px;padding-bottom:50px;padding-left:20px\">\n<h2 class=\"wp-block-heading has-text-align-center has-text-color\" style=\"color:#343534;font-size:clamp(26.465px, 1.654rem + ((1vw - 3.2px) * 2.106), 45px);text-transform:uppercase\">objectif Big bob<\/h2>\n\n\n\n<div class=\"wp-block-columns alignwide is-layout-flex wp-container-core-columns-is-layout-1 wp-block-columns-is-layout-flex\" style=\"padding-top:50px\">\n<div class=\"wp-block-column is-layout-flow wp-container-core-column-is-layout-1 wp-block-column-is-layout-flow\">\n<figure class=\"wp-block-image aligncenter size-full is-resized\"><img decoding=\"async\" src=\"https:\/\/tyler.com\/wp-content\/uploads\/2023\/11\/tasty-handshake2.png\" alt=\"\" class=\"wp-image-2198\" style=\"width:64px\"\/><\/figure>\n\n\n\n<h2 class=\"wp-block-heading has-text-align-center has-text-color\" style=\"color:#343534;padding-top:20px;font-size:clamp(16.293px, 1.018rem + ((1vw - 3.2px) * 0.989), 25px);letter-spacing:1px;line-height:1;text-transform:uppercase\">local<\/h2>\n\n\n\n<p class=\"has-text-align-center has-text-color has-poppins-font-family\" style=\"color:#000000;padding-top:10px;font-size:clamp(14px, 0.875rem + ((1vw - 3.2px) * 0.114), 15px);\">Travailler au maximum avec les producteur du coin que ce soit les maraichers ou les paysans ainsi que d&#8217;autres producteur. Les produits sont toujours annonc\u00e9e lors de la distribution<\/p>\n<\/div>\n\n\n\n<div class=\"wp-block-column is-layout-flow wp-container-core-column-is-layout-2 wp-block-column-is-layout-flow\">\n<figure class=\"wp-block-image aligncenter size-full is-resized\"><img decoding=\"async\" src=\"https:\/\/tyler.com\/wp-content\/uploads\/2023\/11\/tasty-decentralized.png\" alt=\"\" class=\"wp-image-2197\" style=\"width:64px\"\/><\/figure>\n\n\n\n<h2 class=\"wp-block-heading has-text-align-center has-text-color\" style=\"color:#343534;padding-top:20px;font-size:clamp(14px, 0.875rem + ((1vw - 3.2px) * 0.568), 19px);letter-spacing:1px;line-height:1;text-transform:uppercase\">dechet recyclable<\/h2>\n\n\n\n<p class=\"has-text-align-center has-text-color has-poppins-font-family\" style=\"color:#000000;padding-top:10px;font-size:clamp(14px, 0.875rem + ((1vw - 3.2px) * 0.114), 15px);\">Utilisation de couverts et r\u00e9cipients biod\u00e9gradables  <\/p>\n<\/div>\n\n\n\n<div class=\"wp-block-column is-layout-flow wp-container-core-column-is-layout-3 wp-block-column-is-layout-flow\">\n<figure class=\"wp-block-image aligncenter size-full is-resized\"><img loading=\"lazy\" decoding=\"async\" width=\"64\" height=\"64\" src=\"https:\/\/bigbob.fr\/wp-content\/uploads\/2024\/05\/tasty-leaves.png\" alt=\"\" class=\"wp-image-179\" style=\"width:64px;height:auto\"\/><\/figure>\n\n\n\n<h2 class=\"wp-block-heading has-text-align-center has-text-color\" style=\"color:#343534;padding-top:20px;font-size:clamp(14.082px, 0.88rem + ((1vw - 3.2px) * 0.786), 21px);letter-spacing:1px;line-height:1;text-transform:uppercase\">bio et de saison<\/h2>\n\n\n\n<p class=\"has-text-align-center has-text-color has-poppins-font-family\" style=\"color:#000000;padding-top:10px;font-size:clamp(14px, 0.875rem + ((1vw - 3.2px) * 0.114), 15px);\">Dans certains cas et pour certains \u00e9v\u00e8nements du bio peut \u00eatre propos\u00e9 si le prix du plat reste abordable. L&#8217;utilisation de l\u00e9gumes de saisons est aussi une priorit\u00e9.<\/p>\n<\/div>\n<\/div>\n<\/div>\n","protected":false},"excerpt":{"rendered":"<p>objectif Big bob local Travailler au maximum avec les producteur du coin que ce soit les maraichers ou les paysans ainsi que d&#8217;autres producteur. Les produits sont toujours annonc\u00e9e lors de la distribution dechet recyclable Utilisation de couverts et r\u00e9cipients biod\u00e9gradables bio et de saison Dans certains cas et pour certains \u00e9v\u00e8nements du bio peut [&hellip;]<\/p>\n","protected":false},"author":1,"featured_media":0,"parent":0,"menu_order":0,"comment_status":"closed","ping_status":"closed","template":"","meta":{"footnotes":""},"_links":{"self":[{"href":"https:\/\/bigbob.fr\/index.php\/wp-json\/wp\/v2\/pages\/23"}],"collection":[{"href":"https:\/\/bigbob.fr\/index.php\/wp-json\/wp\/v2\/pages"}],"about":[{"href":"https:\/\/bigbob.fr\/index.php\/wp-json\/wp\/v2\/types\/page"}],"author":[{"embeddable":true,"href":"https:\/\/bigbob.fr\/index.php\/wp-json\/wp\/v2\/users\/1"}],"replies":[{"embeddable":true,"href":"https:\/\/bigbob.fr\/index.php\/wp-json\/wp\/v2\/comments?post=23"}],"version-history":[{"count":15,"href":"https:\/\/bigbob.fr\/index.php\/wp-json\/wp\/v2\/pages\/23\/revisions"}],"predecessor-version":[{"id":193,"href":"https:\/\/bigbob.fr\/index.php\/wp-json\/wp\/v2\/pages\/23\/revisions\/193"}],"wp:attachment":[{"href":"https:\/\/bigbob.fr\/index.php\/wp-json\/wp\/v2\/media?parent=23"}],"curies":[{"name":"wp","href":"https:\/\/api.w.org\/{rel}","templated":true}]}}